NOAA-Style Climate Reports
Select a Year or Month report
2024: Jan Feb Mar Apr May Jun Jul Aug Sep Oct Nov Dec
2023: Jan Feb Mar Apr May Jun Jul Aug Sep Oct Nov Dec
2022: Jan Feb Mar Apr May Jun Jul Aug Sep Oct Nov Dec
2021: Jan Feb Mar Apr May Jun Jul Aug Sep Oct Nov Dec
2020: Jan Feb Mar Apr May Jun Jul Aug Sep Oct Nov Dec
2019: Jan Feb Mar Apr May Jun Jul Aug Sep Oct Nov Dec
2018: Jan Feb Mar Apr May Jun Jul Aug Sep Oct Nov Dec
2017: Jan Feb Mar Apr May Jun Jul Aug Sep Oct Nov Dec
2016: Jan Feb Mar Apr May Jun Jul Aug Sep Oct Nov Dec
2015: Jan Feb Mar Apr May Jun Jul Aug Sep Oct Nov Dec
2014: Jan Feb Mar Apr May Jun Jul Aug Sep Oct Nov Dec
2013: Jan Feb Mar Apr May Jun Jul Aug Sep Oct Nov Dec
2012: Jan Feb Mar Apr May Jun Jul Aug Sep Oct Nov Dec
2011: Jan Feb Mar Apr May Jun Jul Aug Sep Oct Nov Dec
2024: Jan Feb Mar Apr May Jun Jul Aug Sep Oct Nov Dec
2023: Jan Feb Mar Apr May Jun Jul Aug Sep Oct Nov Dec
2022: Jan Feb Mar Apr May Jun Jul Aug Sep Oct Nov Dec
2021: Jan Feb Mar Apr May Jun Jul Aug Sep Oct Nov Dec
2020: Jan Feb Mar Apr May Jun Jul Aug Sep Oct Nov Dec
2019: Jan Feb Mar Apr May Jun Jul Aug Sep Oct Nov Dec
2018: Jan Feb Mar Apr May Jun Jul Aug Sep Oct Nov Dec
2017: Jan Feb Mar Apr May Jun Jul Aug Sep Oct Nov Dec
2016: Jan Feb Mar Apr May Jun Jul Aug Sep Oct Nov Dec
2015: Jan Feb Mar Apr May Jun Jul Aug Sep Oct Nov Dec
2014: Jan Feb Mar Apr May Jun Jul Aug Sep Oct Nov Dec
2013: Jan Feb Mar Apr May Jun Jul Aug Sep Oct Nov Dec
2012: Jan Feb Mar Apr May Jun Jul Aug Sep Oct Nov Dec
2011: Jan Feb Mar Apr May Jun Jul Aug Sep Oct Nov Dec
Report for 2024 April
Daily NOAA report MONTHLY CLIMATOLOGICAL SUMMARY for APR. 2024 NAME: Loris Weather Station CITY: Loris STATE: SC ELEV: 112 LAT: 034:04:01 LONG: 0078:52:08 TEMPERATURE ( °F), RAIN (in.), WIND SPEED (mph) HEAT COOL AVG MEAN DEG DEG WIND DOM DAY TEMP HIGH TIME LOW TIME DAYS DAYS RAIN SPEED HIGH TIME DIR -------------------------------------------------------------------------------------------------------- 01 71.3 082.8 16:53 60.8 03:42 00.0 06.3 00.00 01.5 13.8 13:36 WSW 02 73.9 086.3 14:49 65.0 07:33 00.0 09.0 00.00 02.1 17.3 15:40 S 03 68.9 072.0 18:23 59.7 23:59 00.0 03.9 00.53 04.3 28.8 11:41 S 04 55.5 064.6 13:01 45.4 00:00 09.4 00.0 00.00 02.4 23.0 16:02 WNW 05 55.1 067.3 16:27 45.3 00:16 09.8 00.0 00.00 02.0 17.3 16:48 WNW 06 52.6 062.9 16:35 42.8 00:00 12.4 00.0 00.00 03.6 17.3 10:41 NW 07 54.6 069.2 16:27 39.3 07:00 10.3 00.0 00.00 01.7 12.7 15:17 NNW 08 60.1 076.4 14:08 44.2 06:57 04.9 00.0 00.00 02.6 16.1 17:07 S 09 62.2 072.8 12:49 53.7 05:14 02.7 00.0 00.00 00.8 11.5 15:45 W 10 66.8 078.4 14:01 56.1 02:50 00.0 01.8 00.00 03.6 19.6 15:25 SSE 11 69.3 072.6 21:41 65.4 00:59 00.0 04.4 00.70 08.7 34.5 14:26 SSE 12 66.5 075.0 15:23 57.1 23:32 00.0 01.6 00.00 03.6 23.0 19:45 WNW 13 62.2 074.6 16:07 50.3 07:02 02.7 00.0 00.00 03.2 23.0 12:45 WNW 14 64.6 081.7 14:34 45.2 06:59 00.3 00.0 00.00 02.3 17.3 15:30 S 15 73.4 088.9 15:23 59.0 07:05 00.0 08.4 00.00 01.4 11.5 16:43 SW 16 74.1 088.1 16:05 61.5 07:08 00.0 09.1 00.00 00.9 08.1 17:17 SE 17 70.5 082.5 15:32 57.2 06:56 00.0 05.6 00.00 01.4 11.5 22:28 SSE 18 74.9 088.9 16:13 65.0 06:05 00.0 10.0 00.00 01.3 11.5 16:50 WNW 19 70.3 083.9 13:38 59.3 07:01 00.0 05.3 00.00 02.7 12.7 16:55 SSE 20 74.3 088.8 16:33 65.1 06:11 00.0 09.4 00.92 01.7 41.4 20:07 WSW 21 61.1 067.1 05:18 52.8 23:32 03.9 00.0 00.75 03.3 18.4 08:49 N 22 53.9 062.2 14:51 43.9 00:00 11.1 00.0 00.00 03.7 17.3 15:18 NNW 23 55.4 072.0 15:33 38.6 06:47 09.5 00.0 00.00 01.9 16.1 18:38 S 24 65.0 080.3 15:22 49.8 06:46 00.0 00.1 00.10 01.7 12.7 12:01 SSW 25 67.2 080.6 14:48 57.5 06:01 00.0 02.3 00.08 01.9 16.1 17:16 SE 26 62.7 075.1 16:46 54.5 09:08 02.3 00.0 00.00 02.9 11.5 17:53 E 27 65.8 078.6 14:06 56.1 04:17 00.0 00.9 00.00 03.2 18.4 13:54 SE 28 66.6 078.7 15:07 54.6 06:50 00.0 01.7 00.00 02.0 14.9 15:18 SSE 29 68.4 081.8 15:58 57.0 04:41 00.0 03.5 00.00 02.4 17.3 17:51 SSE -------------------------------------------------------------------------------------------------------- 65.1 (65.5) 88.9 day 18 38.6 day 23 079.3 083.2 03.08 02.6 41.4 day 11 S Max > 86: 5 Min < 86: 29 Max Rain: 0.92 ON 20-04-24 Days of Rain: 6 (> .008in) 5 (> .08in) 1 (> 0.8in)