NOAA-Style Climate Reports


Report for 2024 June

Daily NOAA report



                            MONTHLY CLIMATOLOGICAL SUMMARY for JUN. 2024

NAME: Loris Weather Station   CITY: Loris STATE: SC
ELEV: 112 LAT: 034:04:01 LONG: 0078:52:08

                            TEMPERATURE ( °F), RAIN (in.), WIND SPEED (mph)

                                               HEAT     COOL           AVG
      MEAN                                     DEG      DEG            WIND                       DOM
DAY   TEMP    HIGH   TIME     LOW    TIME      DAYS     DAYS    RAIN   SPEED    HIGH    TIME      DIR
--------------------------------------------------------------------------------------------------------
01    68.2   083.2   15:58    52.1   06:37     00.0     03.3   00.00   02.2     14.9    16:53      SE
02    72.8   085.0   11:55    59.0   06:15     00.0     07.8   00.00   02.8     17.3    17:10     SSE
03    75.8   088.0   14:08    65.1   02:56     00.0     10.9   00.00   02.2     16.1    16:03      S 
04    77.4   090.8   14:47    65.5   06:29     00.0     12.5   00.00   02.1     16.1    16:08      S 
05    78.5   090.0   12:50    68.7   03:16     00.0     13.6   00.00   03.2     16.1    16:39     SSE
06    81.2   095.8   15:46    73.8   05:06     00.0     16.3   00.02   01.5     11.5    13:53     SSW
07    81.7   093.2   16:56    72.9   07:05     00.0     16.8   00.10   01.3     10.3    16:45      NW
08    79.4   092.1   16:19    68.4   02:58     00.0     14.5   00.00   02.0     16.1    09:01      N 
09    82.1   096.8   15:30    67.7   06:11     00.0     17.1   00.02   01.4     14.9    23:21      W 
10    71.4   075.9   00:04    65.1   10:47     00.0     06.4   00.24   00.7     09.2    10:06     WNW
11    74.6   089.3   16:10    62.9   04:24     00.0     09.7   00.00   01.8     13.8    17:39     ESE
12    75.5   088.9   13:52    62.4   06:02     00.0     10.5   00.00   02.6     16.1    17:17      SE
13    77.7   089.8   14:32    68.6   06:03     00.0     12.8   00.00   02.8     17.3    10:06      E 
14    77.3   094.2   17:35    66.6   05:49     00.0     12.3   00.00   01.4     11.5    19:19     NNE
15    81.1   096.9   15:08    69.4   06:13     00.0     16.2   00.00   01.7     18.4    16:46      SE
16    79.8   089.9   14:50    69.7   00:00     00.0     14.9   00.00   03.7     18.4    15:53      SE
17    77.0   091.4   13:32    65.5   04:41     00.0     12.0   00.00   02.6     14.9    17:26      SE
18    76.4   088.8   13:41    64.6   06:25     00.0     11.5   00.00   02.8     19.6    16:59     ESE
19    77.6   089.8   15:27    66.2   03:05     00.0     12.7   00.00   02.8     19.6    17:43      E 
--------------------------------------------------------------------------------------------------------
77.1 (78.0)   96.9  day 15     52.1  day 01   000.0    231.7   00.38   02.2     19.6   day 02      SE
Max >  86: 16
Min <  86: 19
Max Rain: 0.24 ON 10-06-24
Days of Rain: 4 (> .008in) 2 (> .08in) 0 (> 0.8in)