NOAA-Style Climate Reports
Select a Year or Month report
2024: Jan Feb Mar Apr May Jun Jul Aug Sep Oct Nov Dec
2023: Jan Feb Mar Apr May Jun Jul Aug Sep Oct Nov Dec
2022: Jan Feb Mar Apr May Jun Jul Aug Sep Oct Nov Dec
2021: Jan Feb Mar Apr May Jun Jul Aug Sep Oct Nov Dec
2020: Jan Feb Mar Apr May Jun Jul Aug Sep Oct Nov Dec
2019: Jan Feb Mar Apr May Jun Jul Aug Sep Oct Nov Dec
2018: Jan Feb Mar Apr May Jun Jul Aug Sep Oct Nov Dec
2017: Jan Feb Mar Apr May Jun Jul Aug Sep Oct Nov Dec
2016: Jan Feb Mar Apr May Jun Jul Aug Sep Oct Nov Dec
2015: Jan Feb Mar Apr May Jun Jul Aug Sep Oct Nov Dec
2014: Jan Feb Mar Apr May Jun Jul Aug Sep Oct Nov Dec
2013: Jan Feb Mar Apr May Jun Jul Aug Sep Oct Nov Dec
2012: Jan Feb Mar Apr May Jun Jul Aug Sep Oct Nov Dec
2011: Jan Feb Mar Apr May Jun Jul Aug Sep Oct Nov Dec
2024: Jan Feb Mar Apr May Jun Jul Aug Sep Oct Nov Dec
2023: Jan Feb Mar Apr May Jun Jul Aug Sep Oct Nov Dec
2022: Jan Feb Mar Apr May Jun Jul Aug Sep Oct Nov Dec
2021: Jan Feb Mar Apr May Jun Jul Aug Sep Oct Nov Dec
2020: Jan Feb Mar Apr May Jun Jul Aug Sep Oct Nov Dec
2019: Jan Feb Mar Apr May Jun Jul Aug Sep Oct Nov Dec
2018: Jan Feb Mar Apr May Jun Jul Aug Sep Oct Nov Dec
2017: Jan Feb Mar Apr May Jun Jul Aug Sep Oct Nov Dec
2016: Jan Feb Mar Apr May Jun Jul Aug Sep Oct Nov Dec
2015: Jan Feb Mar Apr May Jun Jul Aug Sep Oct Nov Dec
2014: Jan Feb Mar Apr May Jun Jul Aug Sep Oct Nov Dec
2013: Jan Feb Mar Apr May Jun Jul Aug Sep Oct Nov Dec
2012: Jan Feb Mar Apr May Jun Jul Aug Sep Oct Nov Dec
2011: Jan Feb Mar Apr May Jun Jul Aug Sep Oct Nov Dec
Report for 2024 March
Daily NOAA report MONTHLY CLIMATOLOGICAL SUMMARY for MAR. 2024 NAME: Loris Weather Station CITY: Loris STATE: SC ELEV: 112 LAT: 034:04:01 LONG: 0078:52:08 TEMPERATURE ( °F), RAIN (in.), WIND SPEED (mph) HEAT COOL AVG MEAN DEG DEG WIND DOM DAY TEMP HIGH TIME LOW TIME DAYS DAYS RAIN SPEED HIGH TIME DIR -------------------------------------------------------------------------------------------------------- 01 56.1 066.3 12:42 46.1 00:12 08.9 00.0 00.76 05.7 26.4 23:33 ESE 02 65.5 072.4 13:32 59.4 00:00 00.0 00.6 01.02 02.2 18.4 01:45 S 03 64.5 073.5 15:26 57.4 01:46 00.4 00.0 00.00 01.3 09.2 18:41 ESE 04 64.8 075.3 15:32 55.2 23:58 00.2 00.0 00.00 02.8 17.3 10:32 NNW 05 60.8 075.7 14:58 47.9 06:41 04.1 00.0 00.00 01.6 13.8 15:51 SSE 06 62.4 070.6 15:52 55.1 00:17 02.5 00.0 01.20 02.1 21.9 12:22 NE 07 63.2 072.4 14:13 54.4 00:00 01.7 00.0 00.00 02.7 13.8 13:05 NNW 08 59.5 068.1 13:29 52.2 03:37 05.4 00.0 00.00 04.3 14.9 20:29 ESE 09 64.5 074.3 14:12 54.2 03:34 00.4 00.0 00.30 05.2 29.9 09:50 SSE 10 61.4 067.5 15:05 52.0 23:52 03.6 00.0 00.00 05.2 20.7 19:12 WNW 11 50.2 063.0 17:08 35.1 07:35 14.8 00.0 00.00 03.2 18.4 11:01 NW 12 54.4 073.6 15:35 36.4 07:15 10.5 00.0 00.00 01.4 11.5 18:14 SSW 13 60.4 078.7 15:25 44.5 07:22 04.5 00.0 00.00 00.9 12.7 14:52 WSW 14 62.6 082.3 14:40 45.1 07:06 02.3 00.0 00.00 01.9 16.1 16:49 S 15 65.1 082.2 13:47 52.4 07:41 00.0 00.2 00.03 01.2 14.9 13:16 SW 16 66.6 075.8 14:41 61.1 05:10 00.0 01.7 00.00 03.2 14.9 18:12 SSE 17 66.8 077.0 16:14 55.9 07:43 00.0 01.8 00.00 01.9 13.8 17:38 SW 18 61.0 066.7 14:34 53.9 21:25 03.9 00.0 00.00 03.2 25.3 22:58 NW 19 47.5 056.9 16:46 35.9 07:41 17.4 00.0 00.00 04.0 26.4 00:19 NW 20 56.6 073.3 16:57 42.2 07:20 08.4 00.0 00.00 01.4 11.5 16:20 SW 21 58.3 073.6 15:37 45.1 07:34 06.6 00.0 00.00 02.4 14.9 16:44 ESE 22 60.6 072.1 12:59 50.3 03:33 04.3 00.0 00.15 04.3 26.4 13:08 SE 23 64.8 074.4 15:07 55.9 23:33 00.1 00.0 00.34 03.1 20.7 15:22 WNW 24 50.5 060.2 00:24 41.4 07:47 14.4 00.0 00.00 05.2 23.0 08:19 NNE 25 52.3 067.8 16:35 38.8 04:33 12.7 00.0 00.00 03.5 16.1 09:24 NE 26 56.8 072.6 15:26 44.1 07:07 08.1 00.0 00.00 03.9 14.9 16:49 ESE 27 65.2 073.3 16:34 57.5 00:06 00.0 00.3 00.04 05.1 19.6 12:36 SSE 28 56.7 068.6 01:33 46.3 00:00 08.2 00.0 01.32 03.7 18.4 12:20 NNW -------------------------------------------------------------------------------------------------------- 60.0 (60.4) 82.3 day 14 35.1 day 11 143.4 004.5 05.16 03.1 29.9 day 09 E Min < 86: 28 Max Rain: 1.32 ON 28-03-24 Days of Rain: 9 (> .008in) 7 (> .08in) 3 (> 0.8in)